eatest common divisor of c and 572?
52
Let x(k) = 8*k + 7. Let j(d) = -d + 1. Let a(g) = 4*j(g) - x(g). Let l be a(-4). What is the greatest common factor of l and 9?
9
Let b be (2 - 3)/(-1)*36. Suppose 13 + 11 = 2*j. What is the highest common factor of b and j?
12
Let f = 49 - 9. Calculate the greatest common factor of f and 200.
40
Let k(i) = 2*i + 5. Suppose -p = -6*p + 35. Let j be k(p). Suppose 78 + 207 = 3*c. Calculate the highest common divisor of c and j.
19
Let a = 151 + 41. Calculate the highest common divisor of a and 24.
24
Let y = -50 + 102. What is the greatest common factor of y and 39?
13
Let y = -14 - -17. Suppose -5*d - 4*i + 9 = -2, 0 = d + 5*i + 2. Let n be d/12 - (-131)/4. What is the greatest common factor of n and y?
3
Let q(a) = -a**3 + 6*a**2 + a + 1. Let n be q(4). Suppose -2*b + 53 + n = 0. Let z = 0 - -30. What is the greatest common divisor of b and z?
15
Suppose 23 + 17 = 5*v. Calculate the greatest common divisor of 16 and v.
8
Let k = 245 + -14. Suppose 0 = 4*r - 583 + k. Calculate the highest common divisor of r and 8.
8
Let v = -2 - -6. Suppose 0 = 2*c + 10, 3*w - 2*c - 7 = v*w. Calculate the highest common factor of 9 and w.
3
Let n(m) = -m**2 + 20. Let y be n(0). What is the highest common factor of y and 160?
20
Let a(v) = v + 3. Let b be a(0). Suppose -14 = b*y - 26. Calculate the greatest common divisor of 12 and y.
4
Let u be (-2 - -1)/1 + -4 + 23. What is the highest common factor of 12 and u?
6
Let y(x) = 15*x + 2. Let w be -2*(-1)/((-3)/(-6)). Let g be y(w). Suppose d - 2*d + g = c, 3*d - 172 = 4*c. What is the highest common factor of d and 12?
12
Suppose -2*q + 3*q = 72. What is the highest common factor of 8 and q?
8
Suppose q = 3*d + 38, -3*q + 3 + 7 = -d. Let o = d + 20. Calculate the highest common divisor of o and 7.
7
Let l = -46 - -78. Suppose -4*z + 23 = u, -3*z - l = -4*z + 5*u. Calculate the highest common factor of 28 and z.
7
Suppose -3*l = 3*p - 6, -2 + 6 = -2*l - 4*p. What is the greatest common divisor of l and 6?
6
Suppose -70 = -5*h - 2*h. Calculate the greatest common factor of 110 and h.
10
Let g = 106 + 59. Let h be ((-5)/2)/(2/(-12)). Calculate the greatest common divisor of h and g.
15
Let j(o) = o - 14. Let r be j(6). Let x be 24*(-1)/r*10. Calculate the highest common factor of x and 20.
10
Suppose 2*u - 48 = -4*a, 3*a - a - 4*u = 4. Let p = -3 + 5. Suppose -3*c - p*c = -25. What is the highest common divisor of a and c?
5
Let u(l) = -7*l - 27. Let o be u(-15). Calculate the highest common divisor of o and 6.
6
Let h(m) = -2*m - 6. Let w be h(-5). Suppose -5*c = -w*c - 7. What is the highest common divisor of c and 56?
7
Let p = -16 + 24. What is the highest common divisor of 2 and p?
2
Let m(o) = -o**3 + o**2 - o - 1. Let t be m(-1). Suppose 4 = t*n, 2*h - 15 - 3 = -3*n. Calculate the greatest common divisor of 6 and h.
6
Suppose 24 = -4*p + 8, -4*l = p - 48. Let a(q) = q + 4. Let g be a(-2). Suppose g*n + 425 = 3*h, 4*n + n = 10. What is the greatest common divisor of h and l?
13
Let p be ((-27)/6)/((-6)/8). Let n = 11 - p. Suppose w - 104 = -4*h + n*w, -2*h + 50 = -3*w. Calculate the highest common factor of h and 14.
14
Let t(g) = 3*g - 4. Let z be t(4). Suppose 4*y = 6*y - z. Suppose 0 - 3 = 3*i, 3*a = -y*i + 293. What is the highest common divisor of 9 and a?
9
Let s(u) = 14*u**2 + 1. Let o be s(1). What is the highest common divisor of 45 and o?
15
Suppose 4 = 5*r + 3*m, 0 = 4*m + 5 + 3. Let c be 0/(0/(-2) - r). Let f = c - -24. Calculate the greatest common divisor of 60 and f.
12
Let i = 81 - 49. What is the greatest common factor of 80 and i?
16
Suppose -5*m - 30 + 90 = 0. Suppose -10 = -5*h - 135. Let y = h + 37. Calculate the highest common divisor of m and y.
12
Let o(x) = x**2 + 1. Let y be o(6). Let s = 64 - y. Calculate the greatest common divisor of 9 and s.
9
Suppose -w - w = -14. Let t = w - 5. Suppose 70 = -t*a + 3*a. Calculate the greatest common divisor of 10 and a.
10
Suppose y - 56 - 4 = 0. What is the highest common divisor of 20 and y?
20
Suppose 2*h - 2*k - 80 = 0, -k = -4*h - 3*k + 136. Let a be (0 + h)/(15/10). What is the greatest common factor of 12 and a?
12
Suppose 5*u + 3*r - 101 = 0, 5*r = -3*u - u + 73. Calculate the greatest common factor of 66 and u.
22
Let n(t) = -t**3 - 16*t**2 + 20*t - 35. Let r be n(-18). Calculate the highest common divisor of r and 11.
11
Let q(y) = -2*y + 27. Let c be q(12). Let d(m) = 2*m**3 - 4*m**2 + 2*m. Let w be d(2). Let g be 59/4 + 1/w. What is the greatest common divisor of c and g?
3
Let a = -10 - -13. Suppose -a*l - l = 2*o - 130, 102 = 3*l - 3*o. Calculate the greatest common factor of l and 3.
3
Let c be (0 - -2) + (47 - 1). Suppose 5*w + 32 = w. Let h be (w/(-3))/(4/18). What is the greatest common factor of c and h?
12
Let v(c) = -c**3 - 7*c**2 + 1. Suppose -2*s = s + 21. Let i be v(s). Let t be 2 - i*(0 - 1). What is the highest common divisor of 3 and t?
3
Let y(h) = -10*h. Let t be y(-5). Let c be 885/90 - 2/(-12). What is the greatest common divisor of t and c?
10
Suppose -66 = -14*m + 32. What is the greatest common divisor of 119 and m?
7
Let o be (1 + -1 + 1)*8. Suppose -4*b - 21 = -3*b + 5*n, 3*n + 27 = -3*b. Let l = o + b. What is the highest common factor of 8 and l?
2
Suppose 8 = -i + 5*i. Suppose -6 = i*k + 2, h + 4*k - 74 = 0. What is the highest common factor of h and 10?
10
Let n(c) = -c**3 - 5*c**2 + 2*c + 6. Let g be n(-4). Let z = 95 + g. Suppose 0 = -p + 8 + 3. Calculate the highest common divisor of z and p.
11
Suppose -2*g - 4*d - 6 = 0, -2*g + 2*d - 7*d = 9. Suppose 5*p = w + g*p - 6, 3*w + p - 53 = 0. What is the greatest common factor of w and 64?
16
Suppose -19 + 164 = r. Suppose 0 = 3*n - r - 20. What is the highest common divisor of n and 11?
11
Let d(j) = -j**2 - 6*j + 6. Let o be d(-5). Calculate the greatest common factor of o and 88.
11
Suppose t = 34 + 12. Suppose -3*c - 5*l = -t, 0 = 2*c + 3*l + 2*l - 34. What is the greatest common factor of c and 96?
12
Let w(k) = 2*k + 4. Let g be w(3). Let h(i) = -7*i - 5. Let a be 46/(-10) - (-4)/(-10). Let b be h(a). Calculate the highest common factor of g and b.
10
Let i be (-20)/((-1)/1*1). Let f be 3 - (2 + -6 + -13). What is the greatest common factor of i and f?
20
Suppose 4*j - 31 - 29 = -3*s, -s + 20 = -2*j. Calculate the highest common divisor of s and 80.
20
Let d = 43 + -37. Calculate the greatest common divisor of d and 12.
6
Let b be 1/(3/3) - -1. Suppose 2*h + 0*h + 60 = b*k, -5*h = k - 18. Calculate the highest common factor of 70 and k.
14
Let m(z) = 3*z - 3. Let t be m(-5). Let g = -4 - t. What is the highest common factor of g and 7?
7
Suppose k - 5 = 3. Let d = k + 4. Calculate the highest common divisor of 108 and d.
12
Let y(o) = o**3 - 7*o**2 + o. Let h be y(7). Let g be -28*-3*2/8. Calculate the greatest common divisor of h and g.
7
Suppose 0*b - 2 = 2*b, 26 = 3*j + 4*b. Suppose -20 = -4*w + 100. Calculate the highest common divisor of w and j.
10
Let x(z) = 24*z - 2. Let u(d) = -23*d + 1. Let n(h) = -5*u(h) - 4*x(h). Let f be n(3). Calculate the highest common divisor of f and 10.
10
Let m(l) = 5*l + 1. Let t be m(-1). Let o be 47/(-9) + t/(-18). Let b be 6/15 - 78/o. What is the greatest common divisor of 24 and b?
8
Suppose -31 = -4*z + 41. Suppose x = o - 52, 5*x = 2 + z. What is the highest common factor of o and 7?
7
Suppose -y + 2 = -7. Calculate the highest common factor of y and 45.
9
Suppose -3*a - 61 = -2*i, 2*a - 21 = -i + 27. What is the greatest common divisor of 57 and i?
19
Let y = 2 + -1. Suppose 5*q = 51 - y. Let n(a) = a**2 - 2*a - 3. Let g be n(4). What is the highest common factor of g and q?
5
Let z be (-2)/1 + 67 + -2. Suppose 0*c - 35 = -5*c - 5*j, 4*c - 46 = 5*j. What is the greatest common factor of c and z?
9
Suppose -3*y = -y - j - 9, 3*y + j = 1. Let k(f) = -f**3 + 3*f**2 + 2*f. Let b be k(3). What is the highest common factor of y and b?
2
Suppose -2*z - 7 = -0*a - 3*a, -3*z = 2*a - 22. Suppose 4*c + 65 = z*y + 13, y - 11 = -c. Calculate the greatest common divisor of y and 8.
4
Let f(r) = 3*r - 2*r**2 - 1 + r**2 + 5*r. Let h be f(7). Let d be 3/2 + 2/4. Calculate the greatest common factor of h and d.
2
Let n(j) = j**2 + 2*j + 2. Let h be n(-5). Let q = -3 + h. What is t